e prime factors of l.
2, 227
Let s(d) = -d + 0 + 5*d**2 + 2 + 1. Let m be 18/(-2) + (34 - 30). What are the prime factors of s(m)?
7, 19
Let c = 20 - 21. Let v be (-2 - c)/(16/(-80)). Let r(s) = 19*s + 24. List the prime factors of r(v).
7, 17
Let r be (-7)/(7/2)*-5. Let k(c) = -14*c + 0*c**2 + c**2 - r - 14 - 1. List the prime factors of k(16).
7
Let r = 731 + -103. Suppose g - 293 = -2*h + r, 4*g - 464 = -h. List the prime factors of h.
2, 5, 23
Suppose -2*b = 5*s - 345, -5*s = b - 0*b - 340. Let m = s - 60. Let g(v) = -v**3 + 7*v**2 + 8*v + 8. List the prime factors of g(m).
2
Let b(x) be the first derivative of 3*x**4/4 - x**3 - x**2 - 19*x + 1. List the prime factors of b(6).
509
Suppose -26525798 = -399*y - 399*y + 32270842. What are the prime factors of y?
2, 3, 5, 307
Suppose -y - 630 = -j + 368, -y = 4*j + 973. Let o = y + 1492. What are the prime factors of o?
499
Suppose -x = -s - 12366, -3*s + 54256 = 4*x + 4813. What are the prime factors of x?
3, 13, 317
Let o(q) = 18*q**3 - 2*q**2 + 3*q. Let b be o(1). Suppose b*h + 1239 = 22*h. List the prime factors of h.
7, 59
Suppose 203*g = 91*g + 1444800. What are the prime factors of g?
2, 3, 5, 43
Let z(x) = x**2 - 10*x - 1. Let u be z(11). Suppose 2*i = -u, 157 + 3 = -4*j + 4*i. Let r = j + 58. List the prime factors of r.
13
Let y be ((-1065)/(-20))/((-1)/12). Let d = -380 - y. List the prime factors of d.
7, 37
Let r = -493 - -498. List the prime factors of 461 + 15*2/r.
467
Let m(j) = 1133*j - 1246. List the prime factors of m(8).
2, 3, 1303
Let b(h) = 3*h**2 - 38*h - 243. Let t be b(-6). Let m = 511 - t. What are the prime factors of m?
2, 11, 19
Suppose -2169 = -9*p + 1287. Suppose 0 = 2*l - 4*o + p, 0*l - 3*o = -l - 192. Let v = l - -403. What are the prime factors of v?
211
Suppose -54402 = -17*y + 36004. List the prime factors of y.
2, 2659
Suppose -5*m + 4*u = -191988, 2*m - 20*u + 15*u = 76802. List the prime factors of m.
2, 29, 331
Let s be (-2 + 16/3)*(2 + 4). Suppose 34*k = s*k + 5824. List the prime factors of k.
2, 13
Let g(b) = 4*b**3 + 46*b**2 + 11*b - 19. Let a be g(-11). Suppose 13 = -r - 62. Let h = a + r. List the prime factors of h.
3
What are the prime factors of 42/336 + 4656861/88?
52919
Suppose -3*c + 83226 = 2*w, 0 = -4*w - 4*c + 56801 + 109639. List the prime factors of w.
2, 3, 3467
Suppose -15*p = -12*p - 60. Let d be (-21)/12 + (-5)/p. What are the prime factors of 43/(3/(-3))*d?
2, 43
Suppose 0 = -2*d + 10*d - 40872. List the prime factors of d.
3, 13, 131
Let l(f) = -2968*f**3 - 17*f**2 + 15*f + 6. What are the prime factors of l(-2)?
2, 3, 73
Suppose -s - 42 = 3*l, -4*l + 16 = s + 57. Let z = 47 + s. Suppose -m - z*o + 116 = 2*o, -2*m - 4*o = -228. What are the prime factors of m?
2, 7
Suppose -q - 1 = -w, -4*w = 3*q - 0*w - 11. Let o(r) be the first derivative of 80*r**2 + r + 664. What are the prime factors of o(q)?
7, 23
What are the prime factors of 2 + 6 - -4237 - -10?
5, 23, 37
Let i(d) = 3*d**3 + 16*d**2 + 26. Let m(t) = t**3 + 7*t**2 + 13. Let g(h) = 2*i(h) - 5*m(h). What are the prime factors of g(5)?
37
Suppose 0 = -59*k + 17*k + 168. Suppose 0 = -3*y - k*c + 5298, 5 = 4*c - 7. What are the prime factors of y?
2, 881
Let i(p) = -p + 6. Let c be i(-11). Suppose -c*h - 665 = -11341. List the prime factors of h.
2, 157
Let r = 72 + -106. What are the prime factors of 1178/2 - (-28 - r)?
11, 53
Let p(h) = -h**3 + 12*h**2 - 2*h + 29. Let f be p(12). Let c be (f - (-6220)/(-25)) + (-12)/(-15). Let n = 475 + c. List the prime factors of n.
2, 29
Suppose 0 = 223*z - 215*z + 984. What are the prime factors of (-2)/(-8)*2271*(-164)/z?
757
Let v(f) = -7*f - 35. Let o(l) = -2*l**2 + 9*l + 6. Let i be o(7). List the prime factors of v(i).
2, 3, 7
Let b(v) = -51*v**3 - 7*v**2 - 7*v - 11. Let n be b(-3). Suppose 6*m - n - 1346 = 0. List the prime factors of m.
5, 89
Let v = -26383 - -39583. List the prime factors of v.
2, 3, 5, 11
Suppose 5*y = -4*o + 3, 0*o = -4*y + o + 15. Let d(t) = 0*t**3 + 4*t**y - 5 - 1 - 3054*t**2 + 3051*t**2 + 6*t. What are the prime factors of d(2)?
2, 13
Let r(d) = -d**2 + 24*d - 38. Let m be r(22). Suppose m*c - 2*c - 408 = 0. List the prime factors of c.
2, 3, 17
Suppose -437*c + 2401078 = -400*c. What are the prime factors of c?
2, 71, 457
What are the prime factors of (167257/(-57) - -23)/((-2)/18)?
2, 3, 11, 397
Suppose r - 6*l = -9*l + 617, -2*l = -4*r + 2412. Let b = r - 171. List the prime factors of b.
2, 7, 31
Let x = 11494 + -7228. List the prime factors of x.
2, 3, 79
Let s = -2196 - -4499. List the prime factors of s.
7, 47
Let t be ((-40579)/14)/(-31) - 2/(-4). Suppose -j = 4*n - 588, j - 684 = -2*n - t. List the prime factors of j.
2, 37
Let n = 6082 - 3616. Suppose -7*a = -10*a - 2*z + 1847, 4*a = -z + n. List the prime factors of a.
617
Suppose -691*z + 572*z + 566440 = 0. What are the prime factors of z?
2, 5, 7, 17
Suppose 42*b - 46*b + 27582 = -3*p, -4*b = 4*p - 27624. List the prime factors of b.
2, 3, 5, 23
Let a(z) = -z**3 + 24*z**2 + 22*z + 69. Let x be a(25). List the prime factors of (-4)/x*(-117)/26 + 389.
2, 193
Let m(u) be the first derivative of u**6/20 + u**5/30 - u**4/8 - 4*u**3/3 + 27. Let g(y) be the third derivative of m(y). List the prime factors of g(1).
19
Let s(f) = -6*f + 12. Suppose -4*i + 3*d = -8, 0 = i - d - 2*d - 11. Let t(n) = -n + 2. Let j(o) = i*s(o) - 2*t(o). List the prime factors of j(8).
2, 3
Suppose v + 19 = -s, 2*v + 33 = -22*s + 19*s. Let f(n) = -15*n - 1. Let i be f(4). Let h = v - i. List the prime factors of h.
37
What are the prime factors of (9 + 49/21*-4)*(-30003)/1?
73, 137
Let r(h) = h**2 - 4*h - 32. Let y be r(-5). Suppose 0 = -4*i - y + 37. Suppose 0 = -i*k + 45 + 81. What are the prime factors of k?
3, 7
Let a be 1 - (-45 - (-2 + -1)). Suppose -a*r + 45*r = 4. Suppose 3*i - 17 - 182 = 5*b, 3*b = -r*i + 101. List the prime factors of i.
2, 29
Let l be (-948)/(-12) + 2 + -1. Suppose 5*d - l = 985. List the prime factors of d.
3, 71
Let v = 10 + -6. Suppose -2856 = -11*m + 7308. Suppose 944 = 4*f + 2*t - 6*t, m = v*f + t. List the prime factors of f.
2, 29
Suppose j = 5, 3*j + 1239 + 34 = c. Suppose 2*r + 2*r - 3*h = c, 2*r - 658 = 5*h. What are the prime factors of r?
11, 29
Let o(n) = 45*n + 9. Let p be o(3). Let d = 109 - p. List the prime factors of ((-510)/(-4))/(d/(-20) + -1).
2, 5, 17
Let s = 2738 - 1703. Let n = s - 647. List the prime factors of n.
2, 97
Let n = 836 + -833. Let p(j) = 109*j**2 + 7*j + 6. List the prime factors of p(n).
2, 3, 7
Let d = -712 + 702. Let y(u) = u**3 + 14*u**2 + 27*u + 7. What are the prime factors of y(d)?
137
Let g(k) = -3*k**2 - 44*k - 6. Let n be g(7). Let v = -251 - n. What are the prime factors of v?
2, 3, 5, 7
Suppose 3*t + 3*v - 5547 = 0, 560 = -2*t - 5*v + 4243. Let q = t + -1084. List the prime factors of q.
2, 5, 7, 11
Let n(x) = 31*x**2 - x + 3. Let j = -18 + -15. Let p = j - -31. What are the prime factors of n(p)?
3, 43
Let t(g) = -3*g**2 + 30*g - 1. Let y be t(13). Let o = y - -210. List the prime factors of o.
2, 23
Let m = -1766 + 7804. What are the prime factors of m?
2, 3019
Let g(a) = -2*a**3 - 82*a**2 - 191*a - 93. What are the prime factors of g(-39)?
2, 3, 53
Let p be (-2 - (-78)/(-21))*98/(-28). Suppose 37*m = p*m + 11203. List the prime factors of m.
659
Let h(j) = 3*j**2 - 7*j + 10. Let d be h(2). Suppose 3*u - 3*b = 2*b + d, 0 = -4*u + b - 12. List the prime factors of u/26 + 16896/312.
2, 3
Suppose -2*y + y + 8 = h, -5*y = -4*h + 5. Suppose 5*j = -2*w - 99, -2*j + y*w = 2*w + 45. Let k = j - -40. List the prime factors of k.
19
Suppose 16*p - 403538 = -37*p + 146231. What are the prime factors of p?
11, 23, 41
Suppose 0 = 23*v + 14032 - 182323. Suppose -10*j = -2103 - v. What are the prime factors of j?
2, 3, 157
Suppose -4*m + 413 + 2965 = 2*c, -2*m - 2 = 0. List the prime factors of c.
19, 89
Let l(r) = -2*r - 3. Let a be l(-2). Suppose -4*b - 24 = 3*p + 33, 4*b + 4*p + 56 = 0. List the prime factors of (0 + a)/(b/(-1155)) + 2.
79
Suppose u + 47737 = 3*m, 0 = 5*u + 182 - 162. What are the prime factors of m?
7, 2273
Suppose -6*u - 3*o = -8*u + 36, -u - 3*o = -18. Let a(j) = 7*j**3 - j + 1. Let r be a(1). Let b = r + u. What are the prime factors of b?
5
Suppose 6 = -3*b, 4*o - 102 = -2*b - 362. Le